factor of o and 11269?
59
Suppose 0 = -t - 4*h + 822 - 50, 3*t - 2386 = 2*h. Let j be (t/(-110))/((-1)/5 - 0). Calculate the greatest common divisor of j and 396.
36
Let q(z) = 4*z**2 - 236*z + 2360. Let c be q(10). Calculate the highest common factor of 48 and c.
16
Suppose 0 = -21*f + 288172 - 61939. What is the greatest common factor of 342 and f?
171
Let f = -21 - -23. Suppose 0 = -f*n + 102 + 138. Suppose -17*l = -18*l + 15. What is the highest common divisor of l and n?
15
Suppose -3*v + 4*v = 2. Suppose -v*m = -5 - 11. Let p(s) = s**3 + 15*s**2 + 19*s - 67. Let b be p(-13). Calculate the greatest common factor of b and m.
8
Suppose 104022 = 98*n + 20009 - 43191. What is the greatest common factor of 88 and n?
22
Suppose -135077 = -123*s - 38399. Calculate the highest common divisor of s and 9.
3
Let i(l) = 2*l + 13. Let a(z) = 2*z + 14. Let r(x) = 4*a(x) - 3*i(x). Let h be 12/(-4 - (-35)/14). Let u be r(h). What is the highest common divisor of 3 and u?
1
Let f(i) = i**3 + 11*i**2 - 9*i + 4. Let w be f(-12). Suppose 0 = 5*p - 25, 2*z = 5*z + 2*p + 53. Let a = z - w. What is the highest common factor of 121 and a?
11
Let s be ((-5)/15)/((-24)/4752). Calculate the highest common divisor of 3718 and s.
22
Let g = -198 - -183. Let z = g - -23. Calculate the highest common divisor of z and 32.
8
Let w be (154/70)/(3/(-30)). Let t(r) = -11*r - 238. Let v be t(w). Suppose -u = -0*u - 20. Calculate the greatest common factor of v and u.
4
Let k(l) = 2*l**2 + 12*l + 19. Let q be k(9). Let n = q - 282. Calculate the highest common divisor of n and 112.
7
Let j(i) = 9*i**2 - 3*i. Let y be j(-3). Let p(t) = -t**2 - 67*t - 132. Let b be p(-64). What is the greatest common divisor of y and b?
30
Let m = 24 - 22. Suppose -7*y = -m*y - 45. What is the highest common divisor of y and 144?
9
Let q be 98/(-12) + 3/18. Let v be 178/6 - q/84*-7. What is the greatest common factor of v and 58?
29
Suppose 3*x - 129*y - 424 = -124*y, 0 = y - 4. Let i be (9/27)/((-1)/(-12)). What is the greatest common divisor of x and i?
4
Suppose 3*a - 1378 = -5*m, 323*m + 441 = a + 321*m. What is the greatest common factor of 44 and a?
11
Let w = -2777 + 2817. What is the highest common divisor of w and 300?
20
Let r be -1 - -8 - 75 - 12/(-3). Let a(m) = 3*m**2 - 13*m + 11. Let z be a(8). Let d = r + z. What is the highest common factor of 14 and d?
7
Suppose 0 = -305*a + 1259 + 4231. Let k = -691 + 997. What is the highest common factor of k and a?
18
Suppose u - 57 = -g + 41, 0 = 2*g + u - 198. Calculate the greatest common factor of 15 and g.
5
Suppose 38190 = -20*o + 28*o + 49*o. What is the greatest common factor of o and 2?
2
Let f be 51/(1836/(-24))*(0 + -3*4376). What is the highest common divisor of f and 16?
16
Let l(d) = 13*d**3 + 9*d**2 + 3*d - 16. Let r be l(4). Let u = 1057 - r. What is the highest common factor of u and 68?
17
Let x be (-14)/(-84)*60/2 + 85. Suppose -9*c - 45 = -x. Let i(y) = 11*y**2 + y - 2. Let d be i(-2). What is the highest common factor of d and c?
5
Suppose 479*k = 484*k + 380. Let g = -324 - -216. Let n = k - g. What is the highest common divisor of 4 and n?
4
Let j(i) = -4*i**2 + 26. Let x(p) = -1. Let d(k) = -j(k) - 2*x(k). Let t be d(4). Calculate the highest common divisor of 120 and t.
40
Suppose -150*v + 98*v + 2600 = 0. Calculate the greatest common divisor of v and 5350.
50
Let d = 9547 - 8447. What is the highest common divisor of d and 175?
25
Let k(f) = f**3 + 3. Let a be k(0). Let m be 3/5 + 20916/415. What is the greatest common factor of m and a?
3
Let l(z) = 12*z**2 + 32*z - 21. Let f be l(9). Calculate the greatest common factor of f and 21.
21
Let k(h) = -15*h - 1. Let b be k(1). Let a be 17 + b + 340/1. Let q be (-9)/(-1) - 44/(-2). What is the greatest common factor of q and a?
31
Let v be 4/(-18) + (-2325)/(-135). Let z = 47 + -45. Let n be 0 + (2/3)/(z/153). What is the greatest common divisor of n and v?
17
Let l = -19627 - -19737. Calculate the greatest common factor of l and 3355.
55
Let c be (192/44)/((-35)/18480*-32). Suppose 2*z = -55 + 439. What is the highest common factor of z and c?
24
Suppose 12 + 59 = b + f, -4*f - 213 = -3*b. Suppose -78*z + 133 = -b*z. Suppose -6*n = -2*n - 4. What is the greatest common factor of z and n?
1
Suppose -i = -c - 2*c + 62, -2*c + 32 = -3*i. Let q = 111 - 104. Let n be 2/1 + 0*q/35. Calculate the highest common factor of c and n.
2
Let x(u) = 69*u + 12. Let y(m) = -m**2 - 10*m - 13. Let g be y(-7). Let l be x(g). What is the greatest common factor of 47 and l?
47
Suppose -4*f - 3*h - 1592 = 0, f - 1624 = 5*f - 5*h. Let p = f - -453. Calculate the highest common factor of 52 and p.
52
Let q = 143 - 77. Suppose 5*j = -0*j + 4*s + 98, 4*j + 3*s - q = 0. Calculate the highest common divisor of 36 and j.
18
Let j(p) be the first derivative of -p**4/4 - 8*p**3/3 - 11*p**2/2 - 21*p + 78. Let x be j(-7). What is the highest common divisor of 21 and x?
7
Let s be ((-15)/4)/((-2)/8). Let v(r) = 5*r - 128. Let x(q) = -1. Let f(h) = v(h) + 2*x(h). Let w be f(28). What is the highest common divisor of s and w?
5
Suppose 5*d - 1300 = d. Let a be ((-75)/(-12))/(10/(-120)*-3). What is the greatest common factor of d and a?
25
Let h = -9199 + 9280. What is the greatest common factor of 1413 and h?
9
Let s(w) = 113*w - 252. Let r be s(55). Calculate the greatest common divisor of r and 89.
89
Let g(f) = 2*f + 19. Let v(o) = 5*o**2 - 3*o**2 - o**2 - 61 + 9*o. Let m be v(-14). Let w be g(m). What is the greatest common divisor of w and 333?
37
Let w(g) = -8*g**3 - 3*g**2 + 3. Let k be w(-3). Let r = 1520 - 2769. Let p = r - -1273. Calculate the greatest common divisor of k and p.
24
Suppose -1743*x + 1757*x = 68796. What is the highest common divisor of 26 and x?
26
Let u = -609 - -577. Let k be u/(-64) - (-1534)/4. What is the greatest common divisor of 12 and k?
12
Let d = -9 + 16. Let v(b) = b - 13. Let f(q) = -2*q + 27. Let n(o) = 6*f(o) + 11*v(o). Let c be n(-9). Calculate the greatest common divisor of c and d.
7
Suppose 0 = -2*g + 4, -20*m + 11*m - 4*g = -4859. What is the greatest common factor of 392 and m?
49
Let o(q) = q**2 + 18*q + 6. Let r be o(-18). Suppose 104 + 28 = r*l. Suppose l = -18*c + 29*c. Calculate the highest common factor of 2 and c.
2
Let y(b) = -b**3 + 10*b**2 - 7*b - 16. Let u be y(9). Suppose -3*q = 2*c - 16, -3*q + c + 8 = -u. Calculate the greatest common factor of 8 and q.
4
Let f = -1344 + 1350. Let j(y) = -5*y - 11. Let i be j(-8). Suppose -5*g + i + f = 0. Calculate the highest common factor of g and 14.
7
Let g = 42 + -45. Let d be -2*g/(-6) + 12. Let c = 6 - 5. Calculate the greatest common divisor of d and c.
1
Let y = -5910 + 5917. What is the highest common factor of y and 847?
7
Let t(o) = 8*o**2 + 2*o. Let g be t(2). Let l be 15 - -3 - 84/14. Let x be l/90 + 1796/30. What is the highest common factor of g and x?
12
Let g(n) = -n**3 + n**2 + 12*n + 1135. Let q be g(0). Let i = q + -810. What is the greatest common divisor of 65 and i?
65
Let x be 18/(-4) - 9045/(-270). What is the greatest common divisor of 17603 and x?
29
Let h = 4229 + -4089. What is the highest common factor of 12670 and h?
70
Let d = 3 - 45. Let k = -41 - d. Suppose -f = -l, -k + 5 = f. Calculate the greatest common divisor of 36 and l.
4
Let x(h) = 2*h**3 + 45*h**2 - 7*h + 115. Let l be x(-19). Calculate the highest common divisor of l and 450.
75
Let a = -30 + 199. Let w = a + -319. Let f be (6/(-18))/(2/w). Calculate the greatest common divisor of f and 10.
5
Let n(p) = 29*p**2 - 81*p + 161. Let f(i) = -13*i**2 + 40*i - 80. Let u(k) = -9*f(k) - 4*n(k). Let m be u(34). Calculate the highest common factor of 128 and m.
8
Suppose 5*c + 13*u - 4605 = 17*u, 5*u = -3*c + 2800. Calculate the greatest common factor of c and 25.
25
Let s(f) = -f**2 + 8*f + 2. Let j be s(6). Suppose l + 3 = -0*l. Let v be l*j/(-3) - (-6)/(-3). What is the greatest common factor of v and 4?
4
Let y(h) = 104*h + 72. Let n be y(6). Let r = n - 680. What is the greatest common divisor of r and 496?
16
Suppose -a + 11 = 3*r + a, 14 = 4*r + 2*a. Let u = 90 - 58. Let d = u + -20. Calculate the highest common factor of r and d.
3
Let f be (87/(-21) - 2) + (-3)/(-21). Let s = 0 - f. Suppose -3*l + 270 = s*l. 